{"id":3999,"date":"2019-03-20T09:25:26","date_gmt":"2019-03-20T08:25:26","guid":{"rendered":"https:\/\/electronic-component-services.com\/?page_id=3999"},"modified":"2019-03-20T10:58:26","modified_gmt":"2019-03-20T09:58:26","slug":"primary-battery","status":"publish","type":"page","link":"https:\/\/electronic-component-services.com\/index.php\/primary-battery\/","title":{"rendered":"EVE Primary Battery"},"content":{"rendered":"<p>[vc_section][vc_row][vc_column]<div class=\"wpb_content_element   clearfix\">            \r\n            <script type=\"text\/javascript\">\r\n                \r\n                (function($){\r\n                    \r\n                    $(document).ready(function(){\r\n                                                \r\n                        function get_animated_objects( $all_appeared_elements, effect ) {\r\n                            \r\n                            var counter = 0;\r\n                            \r\n                            $all_appeared_elements.each(function(){\r\n                                        \r\n                                if( $(this).hasClass(effect) ) {\r\n\r\n                                    counter++;\r\n\r\n                                }\r\n\r\n                            });\r\n                            \r\n                            return counter;\r\n                            \r\n                        }\r\n\t\t\t\t\t\t\r\n\t\t\t\t\t\t\t\t\t\t\t\t\r\n\t\t\t\t\t\t\t$(\"#ut_ig_69df51971d49f .ut-image-gallery-item\").appear();\t\t\t\t\t\t\r\n\t\t\t\t\t\t\r\n\t\t\t\t\t\t\t$(document.body).on('appear', '#ut_ig_69df51971d49f .ut-image-gallery-item', function( event, $all_appeared_elements ) {\r\n\t\t\t\t\t\t\t\t\r\n\t\t\t\t\t\t\t\tvar $this = $(this);\r\n\t\t\t\t\t\t\t\t\r\n\t\t\t\t\t\t\t\tif( !$this.hasClass('ut-image-loaded') ) {\r\n                                    return; \r\n                                }\r\n\t\t\t\t\t\t\t\t\t\t\t\t\t\t\t\t\r\n\t\t\t\t\t\t\t\t$this.delay( 100 * ( $all_appeared_elements.index(this) - get_animated_objects( $all_appeared_elements, 'appeared' ) ) ).queue( function() {\r\n\t\t\t\t\r\n\t\t\t\t\t\t\t\t\t$this.addClass('appeared');\r\n\r\n\t\t\t\t\t\t\t\t});\r\n\t\t\t\t\t\t\t\t\r\n\t\t\t\t\t\t\t\t\r\n\t\t\t\t\t\t\t});\t\t\t\t\t\t\r\n\t\t\t\t\t\t\r\n\t\t\t\t\t\t\t\t\t\t\t\t\r\n\t\t\t\t\t\t\r\n                        \t\t\t\t\t\t\r\n\t\t\t\t\t\t$('#ut_ig_69df51971d49f').lightGallery({\r\n\t\t\t\t\t\t\tselector: '.ut-vc-images-lightbox-group-image',\r\n\t\t\t\t\t\t\texThumbImage: 'data-exthumbimage',\r\n\t\t\t\t\t\t\tdownload: site_settings.lg_download,\r\n\t\t\t\t\t\t\thash: false\r\n\t\t\t\t\t\t});\t\t\t\t\t\t\r\n  \r\n                    });\r\n                        \r\n                })(jQuery);\r\n            \r\n            <\/script>\r\n            \r\n            <style type=\"text\/css\" scoped>#ut_ig_69df51971d49f .ut-lazy:not(.ut-image-loaded) + .ut-video-module-loading { display:block; }#ut_ig_69df51971d49f .ut-lazy.ut-image-loaded + .ut-video-module-loading { display:none; }<\/style><div id=\"ut_ig_69df51971d49f\" class=\"ut-image-gallery  clearfix\"><div  data-count=\"5\" class=\"ut-image-gallery-item ut-animation-done grid-20 tablet-grid-33 mobile-grid-100 \"><a  class=\"ut-vc-images-lightbox ut-vc-images-lightbox-group-image\"  data-exthumbimage=\"https:\/\/electronic-component-services.com\/wp-content\/uploads\/2019\/03\/Photo-lisoci2-primary-200x200.jpg\" href=\"https:\/\/electronic-component-services.com\/wp-content\/uploads\/2019\/03\/Photo-lisoci2-primary.jpg\"><div class=\"ut-image-gallery-image \"><img loading=\"lazy\" decoding=\"async\"  class=\" ut-lazy\" src=\"data:image\/svg+xml;charset=utf-8,%3Csvg xmlns%3D'http%3A%2F%2Fwww.w3.org%2F2000%2Fsvg' viewBox%3D'0 0 650 433'%2F%3E\" data-src=\"https:\/\/electronic-component-services.com\/wp-content\/uploads\/2019\/03\/Photo-lisoci2-primary-650x433.jpg\" width=\"650\" height=\"433\"><\/div><\/a><\/div><div  data-count=\"5\" class=\"ut-image-gallery-item ut-animation-done ut-animation-done grid-20 tablet-grid-33 mobile-grid-100 \"><a  class=\"ut-vc-images-lightbox ut-vc-images-lightbox-group-image\"  data-exthumbimage=\"https:\/\/electronic-component-services.com\/wp-content\/uploads\/2019\/03\/batteries-primaires-2.270x270-200x200.png\" href=\"https:\/\/electronic-component-services.com\/wp-content\/uploads\/2019\/03\/batteries-primaires-2.270x270.png\"><div class=\"ut-image-gallery-image \"><img loading=\"lazy\" decoding=\"async\"  class=\" ut-lazy\" src=\"data:image\/svg+xml;charset=utf-8,%3Csvg xmlns%3D'http%3A%2F%2Fwww.w3.org%2F2000%2Fsvg' viewBox%3D'0 0 650 433'%2F%3E\" data-src=\"https:\/\/electronic-component-services.com\/wp-content\/uploads\/2019\/03\/batteries-primaires-2.270x270-650x433.png\" width=\"650\" height=\"433\"><\/div><\/a><\/div><div  data-count=\"5\" class=\"ut-image-gallery-item ut-animation-done ut-animation-done ut-animation-done grid-20 tablet-grid-33 mobile-grid-100 ut-tablet-last\"><a  class=\"ut-vc-images-lightbox ut-vc-images-lightbox-group-image\"  data-exthumbimage=\"http:\/\/h\" href=\"https:\/\/electronic-component-services.com\/wp-content\/uploads\/2019\/03\/eve3.jpg\"><div class=\"ut-image-gallery-image \"><img loading=\"lazy\" decoding=\"async\"  class=\" ut-lazy\" src=\"data:image\/svg+xml;charset=utf-8,%3Csvg xmlns%3D'http%3A%2F%2Fwww.w3.org%2F2000%2Fsvg' viewBox%3D'0 0 650 433'%2F%3E\" data-src=\"https:\/\/electronic-component-services.com\/wp-content\/uploads\/2019\/03\/eve3-650x433.jpg\" width=\"650\" height=\"433\"><\/div><\/a><\/div><div class=\"clear hide-on-desktop hide-on-tablet\"><\/div><div  data-count=\"5\" class=\"ut-image-gallery-item ut-animation-done ut-animation-done ut-animation-done ut-animation-done grid-20 tablet-grid-33 mobile-grid-100 \"><a  class=\"ut-vc-images-lightbox ut-vc-images-lightbox-group-image\"  data-exthumbimage=\"https:\/\/electronic-component-services.com\/wp-content\/uploads\/2019\/03\/photo-principale-eve-200x200.jpg\" href=\"https:\/\/electronic-component-services.com\/wp-content\/uploads\/2019\/03\/photo-principale-eve.jpg\"><div class=\"ut-image-gallery-image \"><img loading=\"lazy\" decoding=\"async\"  class=\" ut-lazy\" src=\"data:image\/svg+xml;charset=utf-8,%3Csvg xmlns%3D'http%3A%2F%2Fwww.w3.org%2F2000%2Fsvg' viewBox%3D'0 0 650 433'%2F%3E\" data-src=\"https:\/\/electronic-component-services.com\/wp-content\/uploads\/2019\/03\/photo-principale-eve-650x433.jpg\" width=\"650\" height=\"433\"><\/div><\/a><\/div><div  data-count=\"5\" class=\"ut-image-gallery-item ut-animation-done ut-animation-done ut-animation-done ut-animation-done ut-animation-done grid-20 tablet-grid-33 mobile-grid-100 \"><a  class=\"ut-vc-images-lightbox ut-vc-images-lightbox-group-image\"  data-exthumbimage=\"http:\/\/h\" href=\"https:\/\/electronic-component-services.com\/wp-content\/uploads\/2019\/03\/eve1.jpg\"><div class=\"ut-image-gallery-image \"><img loading=\"lazy\" decoding=\"async\"  class=\" ut-lazy\" src=\"data:image\/svg+xml;charset=utf-8,%3Csvg xmlns%3D'http%3A%2F%2Fwww.w3.org%2F2000%2Fsvg' viewBox%3D'0 0 650 433'%2F%3E\" data-src=\"https:\/\/electronic-component-services.com\/wp-content\/uploads\/2019\/03\/eve1-650x433.jpg\" width=\"650\" height=\"433\"><\/div><\/a><\/div><div class=\"clear\"><\/div><\/div><\/div>[vc_column_text]Les batteries primaires non-rechargeables (piles) sont des \u00e9l\u00e9ments \u00e0 base de lithium thionyl chloride (3.6V), lithium Manganese (3V) et lithium fer (1,5V). Ces piles sont utilis\u00e9es seules ou en pack batterie ( montage s\u00e9rie ou parall\u00e8le ) selon diff\u00e9rents cahiers des charges d\u00e9finis selon les besoins des clients .<\/p>\n<p>La gamme \u00e9tendue de temp\u00e9rature varie de -40\u00b0 \u00e0 +85\u00b0c avec des versions \u00e0 +145\u00b0C.<\/p>\n<p><a href=\"https:\/\/web.archive.org\/web\/20170909071609\/http:\/www.astone-technology.com\/fr\/produits\/conversion-denergie\/batteries\/rechargeables\/\"><strong>Sp\u00e9cifications techniques<\/strong><\/a><\/p>\n<p><strong>Li-SOCI2 &#8211; Batterie \u00a0primaire non rechargeable lithium thionyl chloride<\/strong><\/p>\n<p>Tension nominale de 3.6V avec des capacit\u00e9s allant de 550mAh \u00e0 35000mAh dans des dimensions allant du format \u00bd AA au DD<\/p>\n<p>Caract\u00e9ristiques cl\u00e9s\u00a0:<\/p>\n<p>Tension de fonctionnement \u00e9lev\u00e9e et stable:3.6V<\/p>\n<p>Large plage de temp\u00e9rature de fonctionnement:-60 \u2103 \u00e0 + 85.<\/p>\n<p>Haute densit\u00e9 d&rsquo;\u00e9nergie:50wh \/ kg et1280wh \/ dm3.<\/p>\n<p>Faible taux d&rsquo;auto-d\u00e9charge:(moins de \u22641% par an \u00e0 20). Donc, il peut stocker plus de 10 ans \u00e0 la temp\u00e9rature ambiante.<\/p>\n<p>Conteneur Hermetic en acier inoxydable<\/p>\n<p>Joint herm\u00e9tique verre sur m\u00e9tal<\/p>\n<p>Homologation\u00a0 Atex ( anti explosivite)<\/p>\n<p><strong>\u00a0Li-SOCl\u2082 \u00a0\u00e0 haute temp\u00e9rature<\/strong><\/p>\n<ul>\n<li>Batterie primaire 3,6v (non rechargeable)<\/li>\n<li>Large plage de temp\u00e9rature: -40\u00b0c + 145\u00b0c \/180\u00b0c<\/li>\n<\/ul>\n<p>Tension de fonctionnement \u00e9lev\u00e9e et stable<\/p>\n<ul>\n<li>R\u00e9cipient herm\u00e9tique en acier inoxydable<\/li>\n<li>Scellement herm\u00e9tique verre sur m\u00e9tal<\/li>\n<li>Conception de structure anti-vibration et anti-choc<\/li>\n<li>Conception de la structure de dissipation thermique<\/li>\n<li>Faible taux d&rsquo;auto-d\u00e9charge (moins de 2% \u00e0 20\u00b0C<\/li>\n<li>\u00c9lectrolyte inorganique ininflammable<\/li>\n<li>UL reconnu (num\u00e9ro de dossier MH28717)<\/li>\n<li>Reconnu par l&rsquo;ONU<\/li>\n<\/ul>\n<p><strong>Piles LITHIUM FER<\/strong>[\/vc_column_text][\/vc_column][\/vc_row][vc_row][vc_column width=\u00a0\u00bb1\/4&Prime;]<style type=\"text\/css\" scoped><\/style><div id=\"ut_fancy_image_69df519722b0c\" class=\"ut-fancy-image-wrap \"><a target=\"_self\" href=\"https:\/\/electronic-component-services.com\/index.php\/li-mno2\/\" ><figure class=\"ut-fancy-image\"><img decoding=\"async\" src=\"https:\/\/electronic-component-services.com\/wp-content\/uploads\/2019\/03\/fond-1-1300x731.jpg\" alt=\"Li-MnO2\"\/><figcaption><h3>Li-MnO2<\/h3><\/figcaption><\/figure><\/a><\/div>[\/vc_column][vc_column width=\u00a0\u00bb1\/4&Prime;]<style type=\"text\/css\" scoped><\/style><div id=\"ut_fancy_image_69df519722b91\" class=\"ut-fancy-image-wrap \"><a target=\"_self\" href=\"https:\/\/electronic-component-services.com\/index.php\/li-mno2-2\/\" ><figure class=\"ut-fancy-image\"><img decoding=\"async\" src=\"https:\/\/electronic-component-services.com\/wp-content\/uploads\/2019\/03\/fond-1-1300x731.jpg\" alt=\"Lisoci2  piles rondes &amp; prismatiques\"\/><figcaption><h3>Lisoci2  piles rondes & prismatiques<\/h3><\/figcaption><\/figure><\/a><\/div>[\/vc_column][vc_column width=\u00a0\u00bb1\/4&Prime;]<style type=\"text\/css\" scoped><\/style><div id=\"ut_fancy_image_69df519722beb\" class=\"ut-fancy-image-wrap \"><a target=\"_self\" href=\"https:\/\/electronic-component-services.com\/index.php\/li-mno2-2-2\/\" ><figure class=\"ut-fancy-image\"><img decoding=\"async\" src=\"https:\/\/electronic-component-services.com\/wp-content\/uploads\/2019\/03\/fond-1-1300x731.jpg\" alt=\"Li-MnO2 Hautes temperatures\"\/><figcaption><h3>Li-MnO2 Hautes temperatures<\/h3><\/figcaption><\/figure><\/a><\/div>[\/vc_column][vc_column width=\u00a0\u00bb1\/4&Prime;]<style type=\"text\/css\" scoped><\/style><div id=\"ut_fancy_image_69df519722c38\" class=\"ut-fancy-image-wrap \"><a target=\"_self\" href=\"https:\/\/electronic-component-services.com\/index.php\/li-mno2\/\" ><figure class=\"ut-fancy-image\"><img decoding=\"async\" src=\"https:\/\/electronic-component-services.com\/wp-content\/uploads\/2019\/03\/fond-1-1300x731.jpg\" alt=\"Lithium Fer 1.5v AA  AAA\"\/><figcaption><h3>Lithium Fer 1.5v AA  AAA<\/h3><\/figcaption><\/figure><\/a><\/div>[\/vc_column][\/vc_row][\/vc_section]<\/p>\n","protected":false},"excerpt":{"rendered":"<p>[vc_section][vc_row][vc_column][vc_column_text]Les batteries primaires non-rechargeables (piles) sont des \u00e9l\u00e9ments \u00e0 base de lithium thionyl chloride (3.6V), lithium Manganese (3V) et lithium fer (1,5V). Ces piles sont utilis\u00e9es seules ou en pack batterie ( montage s\u00e9rie ou parall\u00e8le ) selon diff\u00e9rents cahiers des charges d\u00e9finis selon les besoins des clients . La gamme \u00e9tendue de temp\u00e9rature varie [&hellip;]<\/p>\n","protected":false},"author":1,"featured_media":0,"parent":0,"menu_order":0,"comment_status":"closed","ping_status":"closed","template":"","meta":{"footnotes":""},"yoast_head":"<!-- This site is optimized with the Yoast SEO plugin v21.7 - https:\/\/yoast.com\/wordpress\/plugins\/seo\/ -->\n<title>EVE Primary Battery - ELECTRONIC COMPONENT SERVICES<\/title>\n<meta name=\"robots\" content=\"index, follow, max-snippet:-1, max-image-preview:large, max-video-preview:-1\" \/>\n<link rel=\"canonical\" href=\"https:\/\/electronic-component-services.com\/index.php\/primary-battery\/\" \/>\n<meta property=\"og:locale\" content=\"fr_FR\" \/>\n<meta property=\"og:type\" content=\"article\" \/>\n<meta property=\"og:title\" content=\"EVE Primary Battery - ELECTRONIC COMPONENT SERVICES\" \/>\n<meta property=\"og:description\" content=\"[vc_section][vc_row][vc_column][vc_column_text]Les batteries primaires non-rechargeables (piles) sont des \u00e9l\u00e9ments \u00e0 base de lithium thionyl chloride (3.6V), lithium Manganese (3V) et lithium fer (1,5V). Ces piles sont utilis\u00e9es seules ou en pack batterie ( montage s\u00e9rie ou parall\u00e8le ) selon diff\u00e9rents cahiers des charges d\u00e9finis selon les besoins des clients . La gamme \u00e9tendue de temp\u00e9rature varie [&hellip;]\" \/>\n<meta property=\"og:url\" content=\"https:\/\/electronic-component-services.com\/index.php\/primary-battery\/\" \/>\n<meta property=\"og:site_name\" content=\"ELECTRONIC COMPONENT SERVICES\" \/>\n<meta property=\"article:modified_time\" content=\"2019-03-20T09:58:26+00:00\" \/>\n<meta name=\"twitter:card\" content=\"summary_large_image\" \/>\n<meta name=\"twitter:label1\" content=\"Dur\u00e9e de lecture estim\u00e9e\" \/>\n\t<meta name=\"twitter:data1\" content=\"2 minutes\" \/>\n<script type=\"application\/ld+json\" class=\"yoast-schema-graph\">{\"@context\":\"https:\/\/schema.org\",\"@graph\":[{\"@type\":\"WebPage\",\"@id\":\"https:\/\/electronic-component-services.com\/index.php\/primary-battery\/\",\"url\":\"https:\/\/electronic-component-services.com\/index.php\/primary-battery\/\",\"name\":\"EVE Primary Battery - ELECTRONIC COMPONENT SERVICES\",\"isPartOf\":{\"@id\":\"https:\/\/electronic-component-services.com\/#website\"},\"datePublished\":\"2019-03-20T08:25:26+00:00\",\"dateModified\":\"2019-03-20T09:58:26+00:00\",\"breadcrumb\":{\"@id\":\"https:\/\/electronic-component-services.com\/index.php\/primary-battery\/#breadcrumb\"},\"inLanguage\":\"fr-FR\",\"potentialAction\":[{\"@type\":\"ReadAction\",\"target\":[\"https:\/\/electronic-component-services.com\/index.php\/primary-battery\/\"]}]},{\"@type\":\"BreadcrumbList\",\"@id\":\"https:\/\/electronic-component-services.com\/index.php\/primary-battery\/#breadcrumb\",\"itemListElement\":[{\"@type\":\"ListItem\",\"position\":1,\"name\":\"Accueil\",\"item\":\"https:\/\/electronic-component-services.com\/\"},{\"@type\":\"ListItem\",\"position\":2,\"name\":\"EVE Primary Battery\"}]},{\"@type\":\"WebSite\",\"@id\":\"https:\/\/electronic-component-services.com\/#website\",\"url\":\"https:\/\/electronic-component-services.com\/\",\"name\":\"ELECTRONIC COMPONENT SERVICES\",\"description\":\"the best Lithium batteries in the world\",\"potentialAction\":[{\"@type\":\"SearchAction\",\"target\":{\"@type\":\"EntryPoint\",\"urlTemplate\":\"https:\/\/electronic-component-services.com\/?s={search_term_string}\"},\"query-input\":\"required name=search_term_string\"}],\"inLanguage\":\"fr-FR\"}]}<\/script>\n<!-- \/ Yoast SEO plugin. -->","yoast_head_json":{"title":"EVE Primary Battery - ELECTRONIC COMPONENT SERVICES","robots":{"index":"index","follow":"follow","max-snippet":"max-snippet:-1","max-image-preview":"max-image-preview:large","max-video-preview":"max-video-preview:-1"},"canonical":"https:\/\/electronic-component-services.com\/index.php\/primary-battery\/","og_locale":"fr_FR","og_type":"article","og_title":"EVE Primary Battery - ELECTRONIC COMPONENT SERVICES","og_description":"[vc_section][vc_row][vc_column][vc_column_text]Les batteries primaires non-rechargeables (piles) sont des \u00e9l\u00e9ments \u00e0 base de lithium thionyl chloride (3.6V), lithium Manganese (3V) et lithium fer (1,5V). Ces piles sont utilis\u00e9es seules ou en pack batterie ( montage s\u00e9rie ou parall\u00e8le ) selon diff\u00e9rents cahiers des charges d\u00e9finis selon les besoins des clients . La gamme \u00e9tendue de temp\u00e9rature varie [&hellip;]","og_url":"https:\/\/electronic-component-services.com\/index.php\/primary-battery\/","og_site_name":"ELECTRONIC COMPONENT SERVICES","article_modified_time":"2019-03-20T09:58:26+00:00","twitter_card":"summary_large_image","twitter_misc":{"Dur\u00e9e de lecture estim\u00e9e":"2 minutes"},"schema":{"@context":"https:\/\/schema.org","@graph":[{"@type":"WebPage","@id":"https:\/\/electronic-component-services.com\/index.php\/primary-battery\/","url":"https:\/\/electronic-component-services.com\/index.php\/primary-battery\/","name":"EVE Primary Battery - ELECTRONIC COMPONENT SERVICES","isPartOf":{"@id":"https:\/\/electronic-component-services.com\/#website"},"datePublished":"2019-03-20T08:25:26+00:00","dateModified":"2019-03-20T09:58:26+00:00","breadcrumb":{"@id":"https:\/\/electronic-component-services.com\/index.php\/primary-battery\/#breadcrumb"},"inLanguage":"fr-FR","potentialAction":[{"@type":"ReadAction","target":["https:\/\/electronic-component-services.com\/index.php\/primary-battery\/"]}]},{"@type":"BreadcrumbList","@id":"https:\/\/electronic-component-services.com\/index.php\/primary-battery\/#breadcrumb","itemListElement":[{"@type":"ListItem","position":1,"name":"Accueil","item":"https:\/\/electronic-component-services.com\/"},{"@type":"ListItem","position":2,"name":"EVE Primary Battery"}]},{"@type":"WebSite","@id":"https:\/\/electronic-component-services.com\/#website","url":"https:\/\/electronic-component-services.com\/","name":"ELECTRONIC COMPONENT SERVICES","description":"the best Lithium batteries in the world","potentialAction":[{"@type":"SearchAction","target":{"@type":"EntryPoint","urlTemplate":"https:\/\/electronic-component-services.com\/?s={search_term_string}"},"query-input":"required name=search_term_string"}],"inLanguage":"fr-FR"}]}},"_links":{"self":[{"href":"https:\/\/electronic-component-services.com\/index.php\/wp-json\/wp\/v2\/pages\/3999"}],"collection":[{"href":"https:\/\/electronic-component-services.com\/index.php\/wp-json\/wp\/v2\/pages"}],"about":[{"href":"https:\/\/electronic-component-services.com\/index.php\/wp-json\/wp\/v2\/types\/page"}],"author":[{"embeddable":true,"href":"https:\/\/electronic-component-services.com\/index.php\/wp-json\/wp\/v2\/users\/1"}],"replies":[{"embeddable":true,"href":"https:\/\/electronic-component-services.com\/index.php\/wp-json\/wp\/v2\/comments?post=3999"}],"version-history":[{"count":5,"href":"https:\/\/electronic-component-services.com\/index.php\/wp-json\/wp\/v2\/pages\/3999\/revisions"}],"predecessor-version":[{"id":4070,"href":"https:\/\/electronic-component-services.com\/index.php\/wp-json\/wp\/v2\/pages\/3999\/revisions\/4070"}],"wp:attachment":[{"href":"https:\/\/electronic-component-services.com\/index.php\/wp-json\/wp\/v2\/media?parent=3999"}],"curies":[{"name":"wp","href":"https:\/\/api.w.org\/{rel}","templated":true}]}}